actor of 54 and 4.
2
What is the greatest common factor of 36 and 84?
12
What is the highest common factor of 540 and 5040?
180
What is the highest common factor of 10291 and 123?
41
What is the highest common divisor of 224 and 252?
28
What is the highest common divisor of 650 and 1690?
130
What is the greatest common factor of 456 and 3624?
24
What is the greatest common divisor of 12737 and 47?
47
Calculate the greatest common divisor of 63 and 3.
3
Calculate the highest common factor of 1587 and 69.
69
Calculate the highest common divisor of 1795 and 5.
5
What is the highest common divisor of 104 and 754?
26
Calculate the highest common divisor of 11350 and 100.
50
What is the highest common factor of 24 and 1?
1
Calculate the greatest common divisor of 1171 and 1.
1
Calculate the highest common factor of 279 and 744.
93
Calculate the greatest common divisor of 325 and 100.
25
Calculate the greatest common factor of 60 and 285.
15
Calculate the highest common divisor of 207 and 81.
9
What is the greatest common factor of 531 and 252?
9
What is the greatest common factor of 24 and 24?
24
Calculate the greatest common factor of 114 and 3306.
114
Calculate the highest common factor of 5152 and 1120.
224
Calculate the greatest common divisor of 122 and 1769.
61
What is the greatest common divisor of 92 and 33074?
46
What is the highest common divisor of 6 and 82?
2
What is the greatest common divisor of 1724 and 4?
4
What is the greatest common divisor of 2740 and 7398?
274
What is the greatest common divisor of 18 and 2997?
9
What is the greatest common divisor of 455 and 945?
35
What is the greatest common factor of 117 and 27?
9
What is the highest common factor of 18050 and 50?
50
Calculate the greatest common factor of 88 and 2398.
22
Calculate the highest common divisor of 12818 and 145.
29
Calculate the greatest common factor of 121 and 66.
11
What is the highest common divisor of 30 and 18?
6
Calculate the highest common factor of 363 and 33.
33
What is the highest common divisor of 962 and 26?
26
What is the greatest common divisor of 63 and 1176?
21
What is the highest common divisor of 162 and 9774?
54
Calculate the greatest common divisor of 3 and 417.
3
What is the highest common factor of 132 and 12?
12
What is the greatest common divisor of 121 and 5687?
121
What is the greatest common factor of 30 and 6?
6
Calculate the greatest common factor of 604 and 7399.
151
What is the highest common factor of 252 and 324?
36
What is the highest common divisor of 15 and 85?
5
Calculate the highest common divisor of 7241 and 13.
13
What is the greatest common divisor of 150 and 975?
75
Calculate the greatest common divisor of 4268 and 44.
44
What is the highest common divisor of 161 and 46?
23
What is the greatest common divisor of 476 and 3451?
119
Calculate the highest common factor of 7802 and 166.
166
What is the highest common factor of 63 and 651?
21
What is the highest common divisor of 986 and 87?
29
What is the greatest common factor of 120 and 30?
30
What is the greatest common factor of 144 and 5076?
36
What is the greatest common factor of 2 and 5?
1
What is the highest common divisor of 528 and 66?
66
Calculate the highest common factor of 21145 and 5.
5
What is the greatest common divisor of 4897 and 472?
59
What is the highest common factor of 9 and 216?
9
Calculate the greatest common factor of 20 and 80460.
20
What is the highest common divisor of 8 and 188?
4
What is the greatest common divisor of 2835 and 28?
7
Calculate the highest common divisor of 496 and 93.
31
What is the greatest common divisor of 13 and 598?
13
What is the highest common divisor of 703 and 74?
37
What is the greatest common divisor of 9 and 3663?
9
What is the highest common divisor of 2 and 142?
2
Calculate the highest common factor of 15 and 63.
3
Calculate the highest common factor of 1541 and 201.
67
Calculate the greatest common factor of 4 and 4720.
4
What is the highest common divisor of 10 and 2560?
10
What is the highest common divisor of 66 and 33?
33
What is the highest common factor of 16 and 52?
4
What is the highest common divisor of 116590 and 10?
10
What is the highest common divisor of 21427 and 7?
7
Calculate the greatest common factor of 120 and 72.
24
Calculate the greatest common factor of 372 and 57.
3
What is the highest common factor of 1083 and 114?
57
Calculate the highest common factor of 3996 and 2886.
222
What is the highest common divisor of 9480 and 150?
30
What is the highest common divisor of 5 and 625?
5
Calculate the greatest common divisor of 11 and 77.
11
Calculate the greatest common divisor of 3034 and 296.
74
Calculate the greatest common factor of 2625 and 1155.
105
Calculate the highest common factor of 228 and 24.
12
Calculate the greatest common factor of 5700 and 200.
100
Calculate the highest common divisor of 300 and 975.
75
What is the greatest common divisor of 54 and 2?
2
Calculate the highest common factor of 15 and 5.
5
Calculate the greatest common divisor of 90 and 190.
10
What is the highest common factor of 1517 and 1591?
37
Calculate the highest common divisor of 40 and 56.
8
Calculate the greatest common factor of 45 and 243.
9
Calculate the highest common divisor of 10 and 320.
10
Calculate the greatest common factor of 68 and 13498.
34
Calculate the greatest common divisor of 285 and 38.
19
Calculate the highest common factor of 294 and 714.
42
Calculate the greatest common divisor of 42 and 651.
21
Calculate the highest common factor of 168 and 21.
21
Calculate the greatest common factor of 399 and 651.
21
What is the greatest common factor of 12 and 636?
12
What is the greatest common divisor of 123 and 1312?
41
Calculate the greatest common divisor of 6 and 138.
6
What is the highest common divisor of 92 and 138?
46
Calculate the highest common factor of 217 and 310.
31
What is the greatest common factor of 12 and 186?
6
What is the highest common factor of 1260 and 1620?
180
What is the greatest common divisor of 20 and 28?
4
Calculate the greatest common divisor of 108 and 4.
4
Calculate the greatest common factor of 7 and 22519.
7
Calculate the greatest common factor of 1197 and 114.
57
Calculate the highest common factor of 1024 and 20.
4
Calculate the highest common divisor of 1099 and 628.
157
Calculate the greatest common factor of 62 and 2170.
62
What is the greatest common divisor of 159 and 2067?
159
What is the highest common divisor of 126 and 138?
6
Calculate the highest common divisor of 34 and 8.
2
What is the highest common factor of 7 and 77?
7
Calculate the highest common divisor of 350 and 550.
50
Calculate the highest common factor of 1378 and 2544.
106
What is the highest common divisor of 370 and 20?
10
What is the greatest common divisor of 4 and 36?
4
Calculate the greatest common divisor of 9827 and 93.
31
What is the greatest common divisor of 315 and 90?
45
Calculate the highest common divisor of 49 and 413.
7
What is the highest common divisor of 21 and 8022?
21
What is the highest common factor of 7 and 5677?
7
What is the highest common divisor of 490 and 322?
14
Calculate the greatest common divisor of 443 and 1.
1
Calculate the highest common divisor of 37850 and 50.
50
What is the highest common factor of 689 and 13?
13
Calculate the greatest common divisor of 3 and 147.
3
What is the highest common divisor of 116 and 986?
58
Calculate the greatest common factor of 10 and 610.
10
What is the highest common factor of 260 and 50?
10
Calculate the highest common factor of 13 and 59228.
13
What is the greatest common factor of 36 and 84?
12
What is the greatest common factor of 1649 and 97?
97
What is the highest common divisor of 32 and 856?
8
Calculate the greatest common divisor of 1817 and 161.
23
What is the greatest common factor of 13022 and 34?
34
What is the highest common factor of 23 and 32821?
23
What is the highest common factor of 8 and 134?
2
What is the greatest common divisor of 17147 and 13?
13
What is the greatest common divisor of 231 and 861?
21
What is the highest common divisor of 53 and 212?
53
Calculate the greatest common factor of 1056 and 384.
96
Calculate the greatest common divisor of 26 and 4498.
26
What is the greatest c